ppose 2*n - 3*i + 31 = -141, 0 = -3*n - 5*i - 258. Let c = 204 + -234. Let y = c - n. What is the units digit of y?
6
Suppose -2*m + 4*d = -2774, -2*m = -3*d - 3740 + 968. What is the units digit of m?
3
Let c be (14/35)/((-2)/90). What is the units digit of 2176/72 - (-4)/c?
0
Suppose 9 - 152 = 11*a. Suppose -103 = -5*t - 18. Let r = a + t. What is the units digit of r?
4
Suppose 5*d = 4*d + 87. What is the units digit of d?
7
Let h(r) = -r - 5. Let n be h(-10). Let t(u) = u**3 - 2*u**2 - 8*u + 13. What is the units digit of t(n)?
8
Suppose -10 = -10*s + 5*s, 2*n + 2*s - 888 = 0. What is the units digit of n?
2
Let t be ((-3)/5)/((-2)/60). Let d(a) = 0*a**2 - t + a**3 + 7*a**2 - 2*a + 17 + 7*a. What is the units digit of d(-6)?
5
Let x(w) = -3*w**3 - w**2. Let v = 1 - -3. Let o be 6/(-8) - 1/v. What is the units digit of x(o)?
2
Let b(v) = -v**3 - 5*v**2 + 14*v + 8. Let t be b(-7). Suppose m = 3*f, 4*f + 3*m + 5 = t*f. What is the units digit of (-2 + 0)/(f/22)?
4
Suppose -5*s = 2*r - 10818, 3*s - 7*s + 10814 = 2*r. What is the hundreds digit of r?
3
Let y(q) = 126*q - 22. What is the tens digit of y(13)?
1
Suppose -2*o - 168 = -2*v, -o = -5*v + 3*v + 167. Let q = -22 + v. What is the tens digit of q?
6
Suppose 3*f - 20 = -2. Let j be (26/8 - -1)*4. What is the tens digit of (j - -18)*f/5?
4
Let c be 0*(-2)/8*1. Suppose 3*m = -y + 75, 4*y - m + 4*m - 264 = c. Suppose -y = -2*r + 5*i, -96 = -4*r + 6*i - 2*i. What is the tens digit of r?
1
Let g(y) = -y**3 + 15*y**2 + 9*y - 7. What is the units digit of g(10)?
3
Suppose -k + 7 = 4*u, 8 = 5*u + 7*k - 5*k. What is the units digit of u?
2
Let z be -1 - (3 - (76 + 0)). Suppose 0*g - 96 = -4*j + 2*g, -z = -3*j + 2*g. What is the units digit of j?
4
Let q = -213 - -310. Suppose q = 4*d - d + 4*s, s = -d + 31. Suppose -d - 11 = -2*t. What is the tens digit of t?
1
What is the tens digit of (14 + -16)*(-4)/(8/237)?
3
Let p = -405 - -753. What is the hundreds digit of p?
3
Let b(l) = 3*l**2 - 2*l - 3. Let n be b(-3). Suppose n = -k + 6*k. Let c(v) = v**2 - 4*v - 1. What is the units digit of c(k)?
1
Let c(d) = -d - 4. Let z be c(-9). Let g(s) = s**3 + s - 23. Let n be g(0). Let p = z - n. What is the units digit of p?
8
Let v(f) = 49*f - 39. Let a be v(26). Suppose -4*r - 9*r + a = 0. What is the units digit of r?
5
Suppose -3*z - 4*f = 85, -z - 4*f = -3*z - 70. Let k = z - -55. What is the units digit of k/6 - 0/(-2)?
4
What is the tens digit of (-9 + 7)/(1/(-496))?
9
Let v(a) = 11*a**2 + a. Let w be v(-1). Suppose 2*z + 4*k = 208, -5*z = -w*z + 2*k + 532. What is the tens digit of z?
0
Let n be (-8 + 0)*8/16. Let l be n/(8/34) - 1. Let k = l + 32. What is the tens digit of k?
1
Let f(n) = -n + 7. Let w be f(3). What is the tens digit of -2*(-416)/w*(-1)/(-2)?
0
What is the hundreds digit of (-4 - (-78)/18)*(-8082)/(-1)?
6
Let w(y) = -y**3 + 5 - 9 - 11*y - 2 + 4 + 10*y**2. Let s be w(9). Let o = 40 + s. What is the units digit of o?
0
Let r = 862 + -380. What is the tens digit of r?
8
Suppose -5*m + 210 = -3*m. Let j = -55 + m. What is the units digit of j?
0
Suppose 765 = 3*w - 564. What is the units digit of w?
3
Suppose 0 = 2*t, 0*q - 3*q + t = -3318. What is the thousands digit of q?
1
Suppose -c = -5*b + 14, -5*b + 2 - 4 = 3*c. What is the units digit of (2 - 3)*0 + (3 - b)?
1
Suppose -2*v - 4 = 0, -5*p = -43*v + 40*v - 836. What is the tens digit of p?
6
What is the hundreds digit of (-70)/(-40) + 2085/4?
5
Suppose 3*v + 65 = 7*v + 3*l, 2*l = 5*v - 64. Let r(w) = -3*w**2 + 2*w**2 + 8 - v*w + 18 - 6. What is the tens digit of r(-14)?
2
Suppose 3*y + 4*q = 79, 2*y - q - 2*q = 81. Suppose -g - 4*w = -36, 3*w - y = 4*g - 234. What is the tens digit of g?
4
Let u(v) = 220*v**2 + 10. What is the thousands digit of u(3)?
1
Suppose -38595 = -11*q - 14791. What is the tens digit of q?
6
Let j(o) = -28*o - 405. What is the units digit of j(-15)?
5
Suppose -38 = -7*c + 6*c. Let l = 84 - c. What is the units digit of l?
6
Let n(o) = o**3 + 17*o**2 + 31*o + 3. Suppose 0 = 3*k + 2*l + 42, 5*k - l + 34 = -36. What is the units digit of n(k)?
7
Suppose 2*c + 2*q - 1718 = 0, -605 - 1972 = -3*c - 2*q. What is the units digit of c?
9
Let q be (-10 - -14)*(-18)/8. Let y = q + 43. What is the units digit of y?
4
Let o = -115 - -64. Let y = o + 82. What is the tens digit of y?
3
Let t = 389 + -120. Let x = t + 66. What is the units digit of x?
5
Let n = -472 - -666. What is the units digit of n?
4
Let m = 78 + -17. What is the tens digit of m?
6
Let b(z) = 3*z - 8. Let a(l) = -5*l + 17. Let o(q) = -4*a(q) - 7*b(q). Let y be o(-5). Let g = -3 - y. What is the units digit of g?
4
What is the hundreds digit of -5618*(-2)/24*6?
8
Suppose 0*r = 2*r + 14. What is the tens digit of r/((-14)/248) - 3?
2
Let b = 1707 + -1196. What is the units digit of b?
1
Suppose -8*b + 2747 = -2453. What is the hundreds digit of b?
6
Let m = 22 + -20. Let u(z) = 19*z**2 - 6*z + 7. What is the units digit of u(m)?
1
Suppose 0 = 16*u - 6192 - 9440. What is the units digit of u?
7
Suppose 4*v - 848 = -8*h + 12*h, 4*h = -12. What is the units digit of -4 + 5 + -2 + v?
8
What is the tens digit of (-9)/(-15) + 9208/20?
6
Let l be 4/(-14) + 18/14. Suppose -109 = 4*k - l. What is the units digit of -2*(-2)/4 - k?
8
Suppose 5*r + 4 = 19. Suppose 4 = -2*m + r*m. What is the units digit of m?
4
Let q(x) = x**2 - 41*x - 404. What is the hundreds digit of q(-39)?
7
Suppose 0 = 4*b, b = -0*s + 3*s. Suppose s = 5*w - 65 + 10. Let r(z) = z**2 - 8*z + 4. What is the tens digit of r(w)?
3
Let q(y) = -y + 17. Let m be q(7). What is the units digit of (-3 + 115/m)*4?
4
Let u(f) = 12*f + 3 - 8*f + 0*f - 5*f. What is the units digit of u(-13)?
6
Suppose 11*s = 10*s + 5. Let n be (-4)/s*140/(-8). What is the units digit of (-2)/(-4) - (-455)/n?
3
Let u(f) = -180*f - 75. What is the tens digit of u(-9)?
4
Suppose -5*d + 11 = 3*m + 35, -5*m = 5*d + 50. Let n = -13 - m. What is the units digit of (n/(-4) - -2) + 0?
2
Let g be 3 - 4/(-4*3/(-12)). Suppose 4*q - 50 = 5*l - 142, 2*l - 44 = -2*q. Let m = g + l. What is the units digit of m?
9
What is the tens digit of 15*((-48)/264 + (-2056)/(-55))?
5
Let t(i) = -i**2 - 7*i + 21. Let u be t(-9). Suppose -u*c - 83 = -4*c. What is the units digit of c?
3
Let p = 234 - 165. What is the tens digit of p?
6
Suppose 0 = 5*t - 0*j + 4*j - 186, -t + 33 = 5*j. Let h = t - 19. Let n = h + 15. What is the units digit of n?
4
Let n(u) = -4*u + 24. Let q be n(5). Suppose -b = -q*b + 174. What is the tens digit of b?
5
Let m be (6/(-5))/((-12)/(-80)). Let j = m - -24. Let x = j + 8. What is the units digit of x?
4
Suppose 5*w + 5*c + 0*c = 70, 5*w - 46 = c. Suppose -b + w = -70. Let y = b + -24. What is the units digit of y?
6
Suppose -w + 2*c - 120 = -3*w, 3*w + 5*c = 188. What is the units digit of w/((-2)/4*-2)?
6
Suppose -f - 17 + 3 = -5*g, 0 = 2*f - 3*g. Let h be 27/(90/12*1/5). Suppose 4*v = -u + f, -4*u = -u + 3*v - h. What is the units digit of u?
6
Suppose 0 = 3*o - 20 + 140. Let i = -17 + o. Let s = i + 98. What is the tens digit of s?
4
Let t(b) = -2*b**3 - 3*b**2 - 3*b. Let y be t(-2). Let f(q) = -2*q + y - 3*q + q + q. What is the units digit of f(-4)?
2
Let q = 2 + 0. Let j(z) = 5*z**q + 0*z - 4*z**2 - 2 + 5*z + 11. What is the tens digit of j(-6)?
1
Suppose -3835 = -5*s + q, -5*s + 7*s = q + 1534. What is the hundreds digit of s?
7
Let t = -867 + 3664. What is the thousands digit of t?
2
Let d(p) = p**3 + 6*p**2 + p - 6. Let u be d(-5). Suppose 5*r = -5*o + 7 + 23, -r - u = -4*o. Let m = r - -8. What is the units digit of m?
0
Let q(l) = -l + 11. Let g be q(11). Suppose p + 5*p - 168 = g. What is the units digit of p?
8
Let a = -283 - -658. What is the units digit of a?
5
Let f(s) be the third derivative of s**6/120 + 17*s**5/60 + 13*s**4/24 + 7*s**3/6 + 4*s**2. What is the units digit of f(-16)?
5
Let w = 6786 - 3660. What is the thousands digit of w?
3
Let m(c) = -c**3 + 6*c**2 + 10*c - 17. Let t be m(7). Let f(p) = 20*p - 3. What is the tens digit of f(t)?
7
Let w(a) be the first derivative of -a**4/4 - 8*a**3/3 - 5*a**2/2 + 25*a - 12. What is the tens digit of w(-8)?
6
Let p(l) = 65 - 2*l - 36 - l - 31. What is the units digit of p(-2)?
4
Let r be -1 + (-2 + -2)/2. Let j be r - (-2 + 1 + -24). Suppose -2*u + 8 +